 0. Is 20 a factor of i?
True
Suppose -4*i = 20, 30 = 4*g - 4*i + 2. Suppose -v = -g*v. Suppose v = -2*c - c + 6. Does 2 divide c?
True
Suppose 7 = -5*s + 2. Let f be s/(-1) - -23*2. Let h = 69 - f. Is 17 a factor of h?
False
Suppose x = 2*f + 3, x + 18 = 5*x - 2*f. Suppose -x*i = -4*i - 23. Does 10 divide i?
False
Let f = 9 + -7. Suppose 0*p + 142 = 5*p - 3*j, -f*p = -j - 56. Is 13 a factor of p?
True
Is 6 a factor of (-1160)/(-100) - (-2)/5?
True
Let w(b) = b**3 + 10*b**2 + 5*b + 4. Is 13 a factor of w(-6)?
False
Let s(u) = 2*u**2 + 3*u - 6. Is s(6) a multiple of 8?
False
Let m be 53*(-1)/(-2)*4. Suppose -g - g = -m. Does 16 divide g?
False
Suppose -3*f = -4 - 5. Let z be 5/((-10)/(-4)) - 0. Suppose -f*j + 5 = -z*j. Is 2 a factor of j?
False
Suppose -277 = -9*w + 1604. Is w a multiple of 25?
False
Suppose 0 = -10*c + 5*c - 5. Let x be ((-38)/(-1))/(2 + 0). Let h = c + x. Is 9 a factor of h?
True
Suppose 11 + 15 = k - 2*c, 4*k - c = 76. Let w = k - 5. Is w a multiple of 13?
True
Let y = -88 - -164. Is y a multiple of 19?
True
Suppose 0 = 3*u - z - 104, 4*u - 84 = -4*z + 28. Does 11 divide u?
True
Let l = 11 - 9. Let w = l + 22. Does 8 divide w?
True
Let f = 28 - -4. Let o = f - 22. Is o a multiple of 8?
False
Let r = 25 - 9. Let u be -1 + -1 - 1*r. Let k = u + 38. Is k a multiple of 10?
True
Suppose s - 2*j = 292, -5*s = 3*j + 2*j - 1430. Is 48 a factor of s?
True
Does 26 divide ((-296)/(-6))/((-2)/(-3))?
False
Let q be 2/9 + (-6)/27. Let k(b) be the second derivative of -b**5/20 + b**4/12 - b**3/6 + 6*b**2 - 4*b. Does 6 divide k(q)?
True
Let i(j) = -j**3 + 12*j**2 + 16*j + 2. Is i(12) a multiple of 13?
False
Let u = 2 - 2. Let m be 1/(u - 3/(-12)). Suppose 3*d - 8*d = 2*b - 35, -4*b = -m*d + 56. Is d a multiple of 9?
True
Suppose 2*q = 2 + 4. Suppose -q*w = -0*w. Suppose 3*n - 5*u = 47, 4*n = 4*u - w*u + 68. Does 14 divide n?
False
Let a be (1/2)/((-2)/(-36)). Suppose -p = -0*p - a. Is p a multiple of 9?
True
Suppose 5*i + 0*g = -g - 5, 2*g = i - 10. Suppose i = -2*o + 2 + 2. Suppose o*z - z = f - 6, 3*z + 40 = 5*f. Is f a multiple of 5?
False
Let z be (-18)/(-3) - (-2)/(-2). Suppose -z*j = -4*j. Suppose 5*q + 11 = 2*i, -2*q + j = i - 10. Is 3 a factor of i?
False
Suppose 3*s = -2*s + 90. Suppose 4*d + 34 = 4*o + d, -4*o - 5*d = -s. Is 3 a factor of o?
False
Let d(l) = 5*l**3 - 13*l**2 - 3*l - 5. Let t(n) = n**3 - n**2 - 1. Let i(x) = d(x) - 6*t(x). Is i(-7) a multiple of 13?
False
Let a(u) = -5*u + 0*u + 3*u + 10. Is a(-7) a multiple of 8?
True
Let o be 2/2 + 1 + 0. Suppose 5*l = -o*b + 5, l - 4*b = -4*l + 35. Suppose -l*n = -21 - 6. Is n a multiple of 3?
True
Does 25 divide (-1538)/(-26) + 20/(-130)?
False
Let i = 3 - 17. Is (-1 + 0)*(i - -3) a multiple of 11?
True
Let s be (-10)/1*(-3)/(-6). Let m(y) be the second derivative of y**5/20 + 2*y**4/3 + y**3 - 5*y**2/2 + 5*y. Is 20 a factor of m(s)?
True
Suppose 2*b + 6 = n, -b - 2*b - 6 = -n. Let p be ((-8)/n)/((-10)/15). Suppose -43 = -w - 4*a, -p*a + 0*a + 80 = 2*w. Is w a multiple of 18?
False
Suppose y - 8 = 34. Is 7 a factor of y?
True
Suppose -3*a - 89 = -221. Is a a multiple of 11?
True
Let w(f) = -f + 50. Is 10 a factor of w(-18)?
False
Let r be 16/7 + (-4)/14. Suppose -4*m + 5*c = -35 - 25, 5*m - 75 = -4*c. Does 5 divide (6/9)/(r/m)?
True
Let p be 34/4*6*-2. Let c = -149 - -304. Let x = c + p. Does 18 divide x?
False
Suppose 2*t - 7*t = 0. Let b(p) = p**2 + 3. Is b(t) a multiple of 3?
True
Suppose 2 - 7 = -b. Let i = 36 - 18. Suppose -17 = -b*j + i. Is j a multiple of 7?
True
Let b(a) = -a**2 - 17*a + 17. Let x be (-24)/42 + (-230)/14. Is b(x) a multiple of 17?
True
Is 3/((-3)/288*-9) a multiple of 8?
True
Let p = 0 + 4. Suppose 38 = 3*j - 4*y + 7, -p = 4*y. Is 7 a factor of j?
False
Let t = -1 + 5. Suppose 2*o - 3*d = -2*o + 103, -4*o - t*d + 68 = 0. Does 11 divide o?
True
Suppose -3*n = -0*n - 198. Does 33 divide n/(-4)*-1*4?
True
Let s be (-2)/4 - (-1)/2. Suppose -4*j + j + 4*b = -203, s = -4*b + 4. Is 25 a factor of j?
False
Let m = 27 - -42. Is m a multiple of 5?
False
Let b(x) = 94*x**2 + 1. Is 19 a factor of b(1)?
True
Suppose 2*a + w = -30, 2*a = -2*a - w - 64. Let u = 48 - a. Suppose -u = -4*q - q. Is 9 a factor of q?
False
Let l(h) = h**2 - 3*h**2 + 9*h + 0*h**2 - 11 + h**2. Let k be l(8). Is 4/6 + (-40)/k a multiple of 11?
False
Suppose 16*x + 5 = 11*x. Let h(k) = k**2 + 0*k**3 - 3*k**3 - 3*k**3. Is 7 a factor of h(x)?
True
Let x(y) = y**2 - 5*y - 8. Let z be x(7). Let j be 14/(-21) - (-322)/z. Suppose -2*d + 32 = 5*k, 0 = -2*d - 3*d + k + j. Is d a multiple of 5?
False
Suppose 74 + 46 = 3*q. Suppose -2*u = -2*m - q, -4*u + 20 = -2*u + 3*m. Does 16 divide u?
True
Let l = -910 + 1323. Does 45 divide l?
False
Suppose -5*l + 4*j = -64, -4*l = 2*j - 70 + 24. Let q = l + -7. Is 5 a factor of q?
True
Suppose 0 = v + 2*k - 6, -5*k = 2*v - 10 - 7. Let w = 46 - v. Is w a multiple of 25?
True
Let d(t) = t**2 - 9*t + 4. Suppose 22 = z - 5. Suppose 5*p - 20 = -4*k + 25, -3*p + k = -z. Does 2 divide d(p)?
True
Is (3 - 57/21) + 1293/7 a multiple of 37?
True
Let r be -2*2/2 - -5. Let n = r - 4. Is 16/3 + n/3 a multiple of 2?
False
Let x(c) = c**3 + 3*c**2 - 2*c. Let z = -5 - -6. Let a be 3*z/(-2)*2. Is 3 a factor of x(a)?
True
Suppose -67*j = -75*j + 4024. Does 17 divide j?
False
Is 34 a factor of 358/(-4)*1*-2?
False
Let b = -4 + 58. Is 14 a factor of (b + -4 + -2)*1?
False
Let p(u) = u**2 + u. Let d be p(1). Is (1/d)/(3/294) a multiple of 16?
False
Let i(a) = -a**2 - 13*a. Let x be i(-12). Let k = x + -8. Does 3 divide k?
False
Does 22 divide -2 + 30*(5 + -2)?
True
Let o be (12/10)/((-1)/(-5)). Let b(j) = j**3 - 5*j**2 + j - 6. Does 12 divide b(o)?
True
Suppose y - 3*y + 88 = 0. Is 7 a factor of y?
False
Suppose -2 = 3*c - 218. Is c a multiple of 18?
True
Let a(k) = -2*k - 7. Suppose -2*h = -0*h + 22. Is 3 a factor of a(h)?
True
Let z(p) = -p**3 + 10*p + 1. Does 19 divide z(-5)?
True
Let v(n) be the second derivative of -n**5/20 + 7*n**4/12 - 2*n**3/3 + 5*n**2/2 + n. Does 15 divide v(5)?
False
Let y be ((-40)/(-12) + 2)*3. Does 5 divide y/4 + (-4 - -5)?
True
Let n = 24 - 6. Is 13 a factor of n?
False
Suppose -t = 21 - 53. Does 17 divide t?
False
Suppose 5*i + 5*b = 15, 2*b + 5 + 3 = 5*i. Let n(r) = -12*r + 6. Let s be n(-5). Suppose -u + 3*a = -3*u + 54, -3*a - s = -i*u. Is 11 a factor of u?
False
Suppose -a = 4*r - 62, -154 = -5*a + 5*r + 31. Suppose a = 3*w - 2*w. Suppose 0 = 2*z + 2*h - 32 - w, -z + 52 = 4*h. Does 13 divide z?
False
Let x(z) = -z**3 - 15*z**2 - 16*z - 6. Let s be x(-14). Let v = s - 15. Is v a multiple of 2?
False
Suppose 2*v + 25 = 3*h, h - v - 1 = -4*v. Let p(o) = 62*o**2 + o + 1. Let k be p(-1). Suppose -k = 4*r - h*r - 4*d, -2*d = 3*r - 58. Is r a multiple of 9?
True
Let y(w) = -w**3 + 5*w**2 - 4*w + 5. Let u be y(4). Suppose -4*t - 204 = -5*l, -u*l + 0*t + t = -201. Does 20 divide l?
True
Suppose 2*c + 5*n + 12 = 108, 5*c + n = 194. Let i = 12 + c. Does 25 divide i?
True
Suppose 5*l + k = 5513, 0 = 2*l + 4*k - k - 2213. Does 22 divide l/18 + (-4)/18?
False
Let k = -3 - -1. Let w be k/(-7) - 19/(-7). Suppose 5 = -5*a, -2*a + w*a + 171 = 5*n. Is n a multiple of 13?
False
Suppose -101 = -5*w + f + 11, -2*w + f = -46. Is 6 a factor of w?
False
Let f be (-63)/(-18)*8/14. Suppose -4*u = 5*q - 60, 4*u + f*q = 2*u + 28. Does 5 divide u?
True
Let i = -132 - -147. Is i a multiple of 11?
False
Suppose -2*f - 4*o = -26, 4*f - 3*o + o = 12. Suppose 0 = x - 4, 0 = 2*h + x - f*x + 8. Let u = h - -30. Is 13 a factor of u?
False
Suppose 9*s - 718 = 470. Is s a multiple of 22?
True
Let x(k) = -2*k**3 - 6*k**2 - 6*k - 3. Let s(l) = -3*l**3 - 12*l**2 - 13*l - 7. Let u(p) = -3*s(p) + 5*x(p). Does 10 divide u(7)?
True
Suppose 5*t - 7 = 13. Suppose t*a - 8 = 40. Is 4 a factor of a?
True
Let f be -2 - 2 - -100*1. Let x = 140 - f. Does 22 divide x?
True
Let j = 92 - 57. Is 10 a factor of j?
False
Let u(r) be the second derivative of r**4/12 + r**3/6 - r**2/2 - r. Let v be u(2). Suppose -s + 0*s = -1, -d + v*s + 12 = 0. Is d a multiple of 13?
False
Suppose 0 = -2*d + 3*z + 122, -z = -3*d - 2*z + 172. Is d a multiple of 3?
False
Suppose -n + 2*a = -141, -5*n - 2*a + 684 = -5*a. Is n a multiple of 27?
True
Suppose -4*j - 5*i = -7*j + 219, -j = -3*i - 69. Let u = 112 - j. Is u a multi